{"id":1336,"date":"2018-04-04T01:57:05","date_gmt":"2018-04-04T01:57:05","guid":{"rendered":"http:\/\/www.igochile.cl\/igochile2\/?page_id=1336"},"modified":"2021-04-11T13:50:42","modified_gmt":"2021-04-11T16:50:42","slug":"actividades","status":"publish","type":"page","link":"https:\/\/igochile.cl\/igochile2\/actividades\/","title":{"rendered":"Actividades"},"content":{"rendered":"<p>\u00a1En esta p\u00e1gina se publicar\u00e1n mes a mes las actividades de cada uno de los clubes!<br \/>\n(Si un club desea publicar alguna de sus actividades, env\u00ede un correo a <a href=\"mailto:contacto@igochile.cl\">contacto@igochile.cl<\/a> con lo que quiera publicar.)<\/p>\n<h1>Abril 2021<\/h1>\n<p>Santiago, Regi\u00f3n Metropolitana<\/p>\n<p><a href=\"https:\/\/igochile.cl\/igochile2\/wp-content\/uploads\/2021\/03\/Taller-B\u00e1sico-de-Go-Nivel-I.png\"><img loading=\"lazy\" decoding=\"async\" class=\"alignnone  wp-image-4740\" src=\"https:\/\/igochile.cl\/igochile2\/wp-content\/uploads\/2021\/03\/Taller-B\u00e1sico-de-Go-Nivel-I-212x300.png\" alt=\"\" width=\"283\" height=\"400\" srcset=\"https:\/\/igochile.cl\/igochile2\/wp-content\/uploads\/2021\/03\/Taller-B\u00e1sico-de-Go-Nivel-I-212x300.png 212w, https:\/\/igochile.cl\/igochile2\/wp-content\/uploads\/2021\/03\/Taller-B\u00e1sico-de-Go-Nivel-I-768x1086.png 768w, https:\/\/igochile.cl\/igochile2\/wp-content\/uploads\/2021\/03\/Taller-B\u00e1sico-de-Go-Nivel-I-724x1024.png 724w, https:\/\/igochile.cl\/igochile2\/wp-content\/uploads\/2021\/03\/Taller-B\u00e1sico-de-Go-Nivel-I.png 1587w\" sizes=\"(max-width: 283px) 100vw, 283px\" \/><\/a><\/p>\n<h1>Septiembre 2019<\/h1>\n<p>Caldera, Regi\u00f3n de Atacama<\/p>\n<p><img decoding=\"async\" src=\"https:\/\/igochile.cl\/igochile2\/wp-content\/uploads\/2019\/09\/WhatsApp-Image-2019-09-04-at-06.46.59-1024x574.jpeg\" alt=\"Esta imagen tiene un atributo ALT vac\u00c3\u00ado; su nombre de archivo es WhatsApp-Image-2019-09-04-at-06.46.59-1024x574.jpeg\" \/><\/p>\n<h1>Agosto 2019<\/h1>\n<p>Arica, Regi\u00f3n de Arica y Parinacota<\/p>\n<p><img decoding=\"async\" src=\"https:\/\/igochile.cl\/igochile2\/wp-content\/uploads\/2019\/08\/thumbnail_AFICHE-TALLER-GO-699x1024.jpg\" alt=\"Esta imagen tiene un atributo ALT vac\u00c3\u00ado; su nombre de archivo es thumbnail_AFICHE-TALLER-GO-699x1024.jpg\" \/><\/p>\n<p>Rancagua, Regi\u00f3n del Libertador General Bernardo O&#8217;Higgins<\/p>\n<p><img decoding=\"async\" src=\"https:\/\/igochile.cl\/igochile2\/wp-content\/uploads\/2019\/08\/Rancagua-1024x841.jpeg\" alt=\"Esta imagen tiene un atributo ALT vac\u00c3\u00ado; su nombre de archivo es Rancagua-1024x841.jpeg\" \/><\/p>\n<p>Santiago, Regi\u00f3n Metropolitana<\/p>\n<p><img decoding=\"async\" src=\"https:\/\/igochile.cl\/igochile2\/wp-content\/uploads\/2019\/08\/Afiche.jpg\" alt=\"Esta imagen tiene un atributo ALT vac\u00c3\u00ado; su nombre de archivo es Afiche.jpg\" \/><\/p>\n<h1><\/h1>\n<h1>Diciembre 2018<\/h1>\n<p>El Club de Go ICO realiz\u00f3 una intervenci\u00f3n en una plaza en la salida de metro Pedro de Valdivia.<\/p>\n<p>Mucha gente se acerc\u00f3 interesada en aprender y otros cuantos ya conoc\u00edan el juego, por lo que se pusieron a jugar unas partidas con los chicos del club.<\/p>\n<p><a href=\"https:\/\/igochile.cl\/igochile2\/wp-content\/uploads\/2019\/01\/ico.png\"><img loading=\"lazy\" decoding=\"async\" class=\"alignleft size-full wp-image-2448\" src=\"https:\/\/igochile.cl\/igochile2\/wp-content\/uploads\/2019\/01\/ico.png\" alt=\"\" width=\"589\" height=\"584\" srcset=\"https:\/\/igochile.cl\/igochile2\/wp-content\/uploads\/2019\/01\/ico.png 589w, https:\/\/igochile.cl\/igochile2\/wp-content\/uploads\/2019\/01\/ico-150x150.png 150w, https:\/\/igochile.cl\/igochile2\/wp-content\/uploads\/2019\/01\/ico-300x297.png 300w, https:\/\/igochile.cl\/igochile2\/wp-content\/uploads\/2019\/01\/ico-50x50.png 50w\" sizes=\"(max-width: 589px) 100vw, 589px\" \/><\/a><\/p>\n<h1><\/h1>\n<h1><\/h1>\n<h1>Abril 2018<\/h1>\n<h2>\u00a1Cursos para principiantes en Club Tengen de Go!<\/h2>\n<p><a href=\"https:\/\/igochile.cl\/igochile2\/wp-content\/uploads\/2018\/04\/aprende-a-jugar.png\"><img loading=\"lazy\" decoding=\"async\" class=\"alignleft size-medium wp-image-1340\" src=\"https:\/\/igochile.cl\/igochile2\/wp-content\/uploads\/2018\/04\/aprende-a-jugar-300x251.png\" alt=\"\" width=\"300\" height=\"251\" srcset=\"https:\/\/igochile.cl\/igochile2\/wp-content\/uploads\/2018\/04\/aprende-a-jugar-300x251.png 300w, https:\/\/igochile.cl\/igochile2\/wp-content\/uploads\/2018\/04\/aprende-a-jugar-768x644.png 768w, https:\/\/igochile.cl\/igochile2\/wp-content\/uploads\/2018\/04\/aprende-a-jugar.png 940w\" sizes=\"(max-width: 300px) 100vw, 300px\" \/><\/a><\/p>\n<p>Este mes de abril dictaremos los cursos B\u00e1sico I (para los que quieren aprender) y B\u00e1sico II\u00a0(para los que ya saben, pero quieren formalizar).\u00a0\u00a1Aprende con nosotros este hermoso legado \u00a1oriental!<\/p>\n<p>Toda la informaci\u00f3n <a href=\"https:\/\/goo.gl\/c41yKi\">aqu\u00ed<\/a><\/p>\n<p><a href=\"https:\/\/goo.gl\/KG1jB4\">Formulario de inscripci\u00f3n<\/a><\/p>\n<p>Link de la publicaci\u00f3n en <a href=\"https:\/\/www.facebook.com\/clubtengen\/photos\/a.268620873254800.61362.237055636411324\/1536072739842934\/?type=3&amp;theater\">Facebook<\/a><\/p>\n<h2>\u00a1Curso B\u00e1sico de Go Club Hoshi No Koen!<\/h2>\n<p>El 07 de abril comenzamos con la primera clase de 8, en la Biblioteca de Santiago! Inscripciones al correo hoshinokoenbs@gmail.com<\/p>\n<p>Ven a aprender del juego m\u00e1s hermoso del mundo,\u00a0<a href=\"https:\/\/docs.google.com\/document\/d\/1vUHOz9G2iWdXCJVL-gzyimLmW-RvhQM5IIpAEi9F35I\/edit\">Programa del curso<\/a><\/p>\n<p><a href=\"https:\/\/igochile.cl\/igochile2\/wp-content\/uploads\/2018\/04\/Afiche-de-curso-de-go-1.jpg\"><br \/>\n<img loading=\"lazy\" decoding=\"async\" class=\"alignleft  wp-image-1374\" src=\"https:\/\/igochile.cl\/igochile2\/wp-content\/uploads\/2018\/04\/Afiche-de-curso-de-go-1-724x1024.jpg\" alt=\"\" width=\"646\" height=\"914\" srcset=\"https:\/\/igochile.cl\/igochile2\/wp-content\/uploads\/2018\/04\/Afiche-de-curso-de-go-1-724x1024.jpg 724w, https:\/\/igochile.cl\/igochile2\/wp-content\/uploads\/2018\/04\/Afiche-de-curso-de-go-1-212x300.jpg 212w, https:\/\/igochile.cl\/igochile2\/wp-content\/uploads\/2018\/04\/Afiche-de-curso-de-go-1-768x1086.jpg 768w, https:\/\/igochile.cl\/igochile2\/wp-content\/uploads\/2018\/04\/Afiche-de-curso-de-go-1.jpg 1588w\" sizes=\"(max-width: 646px) 100vw, 646px\" \/><\/a><\/p>\n","protected":false},"excerpt":{"rendered":"<p>\u00a1En esta p\u00e1gina se publicar\u00e1n mes a mes las actividades de cada uno de los clubes! (Si un club desea publicar alguna de sus actividades, env\u00ede un correo a contacto@igochile.cl&hellip;<\/p>\n","protected":false},"author":2,"featured_media":0,"parent":0,"menu_order":0,"comment_status":"closed","ping_status":"closed","template":"","meta":{"pgc_sgb_lightbox_settings":"","footnotes":""},"_links":{"self":[{"href":"https:\/\/igochile.cl\/igochile2\/wp-json\/wp\/v2\/pages\/1336"}],"collection":[{"href":"https:\/\/igochile.cl\/igochile2\/wp-json\/wp\/v2\/pages"}],"about":[{"href":"https:\/\/igochile.cl\/igochile2\/wp-json\/wp\/v2\/types\/page"}],"author":[{"embeddable":true,"href":"https:\/\/igochile.cl\/igochile2\/wp-json\/wp\/v2\/users\/2"}],"replies":[{"embeddable":true,"href":"https:\/\/igochile.cl\/igochile2\/wp-json\/wp\/v2\/comments?post=1336"}],"version-history":[{"count":4,"href":"https:\/\/igochile.cl\/igochile2\/wp-json\/wp\/v2\/pages\/1336\/revisions"}],"predecessor-version":[{"id":4775,"href":"https:\/\/igochile.cl\/igochile2\/wp-json\/wp\/v2\/pages\/1336\/revisions\/4775"}],"wp:attachment":[{"href":"https:\/\/igochile.cl\/igochile2\/wp-json\/wp\/v2\/media?parent=1336"}],"curies":[{"name":"wp","href":"https:\/\/api.w.org\/{rel}","templated":true}]}}